In base 6, what is 2 - -332?
334
In base 13, what is -756 + 2?
-754
In base 9, what is -121 - 3?
-124
In base 7, what is -5544 + 3?
-5541
In base 3, what is -11 + -11020112?
-11020200
In base 5, what is -42 - -311?
214
In base 3, what is -211 + 1222?
1011
In base 14, what is 1 + 243?
244
In base 12, what is -57 - 2?
-59
In base 2, what is 1101010011 + 100?
1101010111
In base 4, what is 33 - -303?
1002
In base 15, what is -1 + 21?
20
In base 6, what is 13 + -130?
-113
In base 8, what is -13 - 4?
-17
In base 10, what is -77 - 0?
-77
In base 11, what is -82 - 2?
-84
In base 6, what is 51550 - 5?
51541
In base 4, what is -21300 - 2?
-21302
In base 12, what is -5 - -63?
5a
In base 10, what is -5 - -359?
354
In base 4, what is 133120 + 3?
133123
In base 13, what is -1b + 1?
-1a
In base 8, what is 41 + 13?
54
In base 9, what is 612 + 25?
637
In base 6, what is 241 + -1?
240
In base 3, what is -10 + 10022?
10012
In base 13, what is 69 + -26?
43
In base 3, what is 11 + -21?
-10
In base 12, what is -1a2 - -4?
-19a
In base 6, what is -31 - 33?
-104
In base 5, what is 1 - 111?
-110
In base 16, what is 3c - 28?
14
In base 14, what is 44 - -2?
46
In base 8, what is -57 + -16?
-75
In base 4, what is -1112 - 11?
-1123
In base 10, what is -1399 + -2?
-1401
In base 4, what is 210021 + -10?
210011
In base 2, what is 111001000101 - -1?
111001000110
In base 9, what is 54 - -4?
58
In base 11, what is 150 - -90?
230
In base 6, what is 2 + 2314?
2320
In base 5, what is 0 + -44124?
-44124
In base 11, what is -6 - -155?
14a
In base 12, what is -6 - -18?
12
In base 13, what is -28 + 5a?
32
In base 3, what is -20201222 + -1?
-20202000
In base 5, what is 0 + 212?
212
In base 15, what is 3 + -e8?
-e5
In base 5, what is 22 + 23?
100
In base 14, what is -2c9 + -5?
-2d0
In base 12, what is -89b - 2?
-8a1
In base 3, what is 2000 + -201?
1022
In base 7, what is 332 - -4?
336
In base 6, what is 1 + 51?
52
In base 14, what is -18d + -4?
-193
In base 14, what is 43 - 5?
3c
In base 10, what is 20 - -5?
25
In base 4, what is -231 + -30?
-321
In base 4, what is -12 + -1?
-13
In base 13, what is 81 + -2?
7c
In base 15, what is -db81 + 4?
-db7c
In base 11, what is -4 - -418?
414
In base 4, what is 20 + -1220?
-1200
In base 16, what is 1 + -61b?
-61a
In base 7, what is -36 + -524?
-563
In base 14, what is 5c6 - -4?
5ca
In base 15, what is 0 + -3e3?
-3e3
In base 9, what is 12 - 10?
2
In base 14, what is -1 + 2?
1
In base 13, what is -3 - 39?
-3c
In base 16, what is -d8 + -12?
-ea
In base 7, what is 5 - -2504?
2512
In base 16, what is -2 - -7?
5
In base 15, what is -32 + 9?
-28
In base 12, what is 195 + 3?
198
In base 2, what is 100010101 - -11?
100011000
In base 16, what is 2e2 - 3?
2df
In base 2, what is -10011100001 - 1100?
-10011101101
In base 15, what is 1 - 112?
-111
In base 3, what is 12 + 2011?
2100
In base 6, what is -202 + 0?
-202
In base 12, what is -2811 - -3?
-280a
In base 5, what is -23432 - 11?
-23443
In base 16, what is 681 - -5?
686
In base 3, what is -212021 + -10?
-212101
In base 13, what is 1 + -a9?
-a8
In base 5, what is -144 - 11?
-210
In base 12, what is -338 - 9?
-345
In base 16, what is 6 - -9?
f
In base 15, what is 11 - 34?
-23
In base 12, what is 5 + -22?
-19
In base 9, what is 35 - 4?
31
In base 14, what is 55c4 - -4?
55c8
In base 15, what is a + -19?
-e
In base 14, what is -1 + 43?
42
In base 5, what is -24 - 30?
-104
In base 3, what is -2 + -1001221?
-1002000
In base 14, what is -194c - 4?
-1952
In base 14, what is -c - 7ac?
-7ba
In base 2, what is -11010110 + -1?
-11010111
In base 3, what is -12 - -10002122?
10002110
In base 2, what is 111 + 100011?
101010
In base 2, what is -100000 + 100?
-11100
In base 8, what is 2635 + 0?
2635
In base 2, what is 1100 + 11010001?
11011101
In base 6, what is 5 + 324?
333
In base 2, what is 100 + -1010?
-110
In base 4, what is -1 - -113312?
113311
In base 2, what is -10 - -101?
11
In base 16, what is -3 - 447?
-44a
In base 7, what is 3 + -104?
-101
In base 5, what is -4 - 11232?
-11241
In base 12, what is -6 - -2?
-4
In base 8, what is 43 - -12?
55
In base 10, what is -123 - 3?
-126
In base 5, what is -12 - -23?
11
In base 12, what is -2 - 128?
-12a
In base 2, what is -10 - -10010?
10000
In base 11, what is 3 + 8?
10
In base 5, what is 10440 - -3?
10443
In base 12, what is -1 - 2a0?
-2a1
In base 16, what is 0 + 3c8?
3c8
In base 4, what is 1112 + 0?
1112
In base 6, what is -1 + -51?
-52
In base 6, what is 2420 - -2?
2422
In base 14, what is 5 + 6b?
72
In base 12, what is -10 - -367?
357
In base 14, what is 8 - -232?
23a
In base 13, what is -99 + 34?
-65
In base 4, what is 222 + 12?
300
In base 16, what is 6b2 + -1?
6b1
In base 2, what is 1110111100000 + -101?
1110111011011
In base 3, what is 1010121 - -10?
1010201
In base 12, what is 280 + 5?
285
In base 3, what is -1112202 + 112?
-1112020
In base 4, what is 122 + 11?
133
In base 11, what is 6 - 18?
-12
In base 14, what is -5b + 4?
-57
In base 13, what is -5 - -1392?
138a
In base 14, what is 170 - 4?
16a
In base 16, what is 2 - -1e3?
1e5
In base 5, what is -322 + -102?
-424
In base 13, what is -1 + 58?
57
In base 6, what is -44 - -10?
-34
In base 11, what is -6815 - 4?
-6819
In base 10, what is 6 - -1?
7
In base 7, what is -5 - -6255?
6250
In base 8, what is -1 + 1613?
1612
In base 16, what is 12 + -143?
-131
In base 15, what is -c1 - 3?
-c4
In base 15, what is -12a - a?
-135
In base 4, what is 12 + -23303?
-23231
In base 12, what is 0 + -153?
-153
In base 2, what is -1100001 - -101?
-1011100
In base 9, what is 0 + 80?
80
In base 7, what is -2 + 14?
12
In base 14, what is 0 + -64?
-64
In base 12, what is -5 + 853?
84a
In base 12, what is -bab + 4?
-ba7
In base 13, what is -2 + a6?
a4
In base 10, what is 16 + -17?
-1
In base 6, what is -2 - 4223?
-4225
In base 5, what is -1044324 + -1?
-1044330
In base 6, what is -11 + -405?
-420
In base 2, what is -1001111001011 - 101?
-1001111010000
In base 2, what is -1000 - -101001?
100001
In base 13, what is 14 - -7?
1b
In base 15, what is -175a - -2?
-1758
In base 11, what is -1 + 569?
568
In base 13, what is -559 - 5?
-561
In base 7, what is -540 + 5?
-532
In base 3, what is 12 - -2011?
2100
In base 9, what is -2043 - 2?
-2045
In base 8, what is 7 - -2?
11
In base 9, what is 4 - 535?
-531
In base 13, what is -4 + -5?
-9
In base 2, what is 1100 + 1111?
11011
In base 9, what is 16 - 16?
0
In base 2, what is -10010010 + 100?
-10001110
In base 7, what is -3 + -50?
-53
In base 10, what is -10 - 6?
-16
In base 6, what is 23 - 545?
-522
In base 3, what is -101202 + 21?
-101111
In base 13, what is 801 + -1?
800
In base 12, what is -866 + -3?
-869
In base 14, what is -32 + 17?
-19
In base 8, what is -33 + -3?
-36
In base 3, what is -111002 + -121?
-111200
In base 12, what is 97 + -118?
-41
In base 12, what is -1 + -1574?
-1575
In base 11, what is 3 - -aa8?
1000
In base 11, what is 6 + -4aa?
-4a4
In base 8, what is -10 - -1226?
1216
In base 5, what is -24 - -43?
14
In base 6, what is 5 + -442?
-433
In base 2, what is 10 + -10010?
-10000
In base 8, what is -7 + -175?
-204
In base 4, what is 11 - -313013?
313030
In base 9, what is -75 - -3?
-72
In base 7, what is 13 + 621?
634
In base 3, what is -1101 + -100212?
-102020
In base 5, what is -330 - 4?
-334
In base 8, what is -14 - -122?
106
In base 7, what is -3 - 30?
-33
In base 16, what is 29 + -2?
27
In base 8, what is 102 - -44?
146
In base 9, what is 368 + -16?
352
In base 6, what is 1511 + 3?
1514
In base 2, what is -111001 - -10?
-110111
In base 14, what is 56 + -11?
45
In base 10, what is -8417 - -3?
-8414
In base 14, what is -1 - -8d?
8c
In base 10, what is 5 - 126?
-121
In base 15, what is 5a + 5?
60
In base 7, what is 202 - 130?
42
In base 10, what is 1 - -155?
156
In base 8, what is 3 + 755?
760
In base 6, what is -1 - -2202?
2201
In base 10, what is 281 + 0?
281
In base 6, what is -20 + -25255?
-25315
In base 7, what is 0 - -6652?
6652
In base 15, what is 55 - -1?
56
In base 10, what is 81 - 10?
71
In base 11, what is -1696 + -5?
-16a0
In base 7, what is -5 + 401?
363
In base 12, what is -37 + 0?
-37
In base 4, what is -1 + -12310?
-12311
In base 2, what is 10010 - 1001?
1001
In base 10, what is 323 - 4?
319
In base 9, what is -238 + 3?
-235
In base 15, what is 11 + -143?
-132
In bas